y + 11 + 5*y - 2*y. Let z be t(-3). What is the tens digit of 74/z - 2/(-4)?
1
Let q(g) = -9*g + 5. Let y be q(-4). Let p = y - -6. Let i = p + -16. What is the units digit of i?
1
Suppose b - 4*y = 2*b - 56, 5*b - 2*y = 324. Suppose -2*n - 2*z + 7*z = -b, -3*n + 3*z = -114. What is the units digit of n?
2
What is the hundreds digit of 194/(6/(-144)*-6)?
7
Let b(a) = -a**3 + 12*a**2 - 5*a. Let n be b(5). Let g = n + -86. What is the tens digit of g?
6
Let u be (-18)/(-4)*100/15. Suppose y = -2*y + u. Let i(r) = -r**3 + 11*r**2 - 9*r - 5. What is the units digit of i(y)?
5
Let v(j) = 27*j**3 - 28*j**3 - j - 20*j**2 - 3 + 13. What is the units digit of v(-20)?
0
Let m(p) = -3*p**2 + 3*p**2 + p**2 - 6 + 7*p + 2*p. Let i be m(-8). What is the tens digit of 28/(-6)*108/i?
3
Let j be 15/9*(0 - -3). Suppose 2*l + 4*m - 21 = 127, -395 = -5*l - j*m. What is the tens digit of l?
8
Let a = 84 - 10. Suppose a = y - 52. What is the tens digit of y?
2
Let a be 2*2 - (323 - 13). What is the units digit of (-10)/15*a/4?
1
Let i(n) = -n**3 - 6*n**2. Let g be i(-6). Let m(l) = l**3 - l**2 + 4. Let y be m(g). Suppose 0 = y*u + u - 125. What is the tens digit of u?
2
Let t = 6 + -2. Suppose -t*a + 222 = f + 4*f, -4*a = -12. What is the units digit of f?
2
Let p(z) = -z**3 - 3*z**2 - 5*z - 3. Let g be p(-2). Suppose 5*f = 2*w + 31, 0 = g*f - 0*w - 5*w - 30. Suppose -38 - 237 = -f*q. What is the tens digit of q?
5
Let g be (-1169)/(-21) - (-2)/6. Let z be g/(-9) - (-20)/90. What is the units digit of ((-2)/z)/((-3)/(-27))?
3
Suppose 37*f - 20217 = 16968. What is the tens digit of f?
0
Let g be (-55)/(-15) - (-2)/(-3). Suppose -20 = -m - g*m. Suppose m*y - z - 114 = 0, -z = -5*z - 16. What is the units digit of y?
2
Suppose -155*s = -156*s + 92. What is the tens digit of s?
9
Let w = 13 + -13. Suppose -l - l = w. Suppose 2*n + 16 - 86 = l. What is the tens digit of n?
3
Let k(v) = -5*v - 6. Let x be k(-6). Let l(y) = y + 6. What is the tens digit of l(x)?
3
What is the tens digit of 624 - (3 + 2/(3/3))?
1
Suppose 3*s + c - 8 = 0, 0*c + 32 = 4*s - 4*c. Suppose 3*y - s*m = -2*y + 48, -y + 10 = -m. Suppose 64 = y*l - 144. What is the units digit of l?
6
Let s(u) = -u**2 - 7*u + 10. Let x be s(-8). Suppose 40 = -2*f - x*f. What is the tens digit of f/(-4)*56/10?
1
Let y = -1659 + 1658. Let b = 3 - 30. Let h = y - b. What is the tens digit of h?
2
Suppose -2*b + 69 = 3*n, -b = 3*n - 6 - 21. Let z = b + 1. What is the tens digit of z?
4
Let y(k) = k + 5. Let j be y(-3). Let s = j + 12. Let i = 22 - s. What is the units digit of i?
8
Suppose 15 = 3*s, -2*a - 4*s = -485 - 909. Suppose 69 = 9*u - a. What is the tens digit of u?
8
Let k = 9 - 5. Suppose 6 = -n - 2*c, c = -2*n - c - k. Suppose -144 = -3*p - n*h, 2*p = 4*h + 99 - 3. What is the units digit of p?
8
Let l = 11 + -5. Let d be 53 + (l/(-3) - -4). Let u = d + -33. What is the tens digit of u?
2
Let n be (-9 - -8)/(2/6). Let j(p) = -p**3 + 2*p**2 + 2*p + 5. What is the tens digit of j(n)?
4
Let b(y) = y**3 + 3*y**2 - 5*y + 10. Let x be b(-5). Let t(s) = s**2 + 11*s. What is the tens digit of t(x)?
6
Let g be (0 + (2 - -1))/(-6 - -7). Suppose 5*j + 2*k - 99 = 0, g*j + 2*k + 48 = 5*j. What is the tens digit of j?
2
Let t(l) = -l**3 + 4*l**2 + 4*l + 2. Let f be t(4). Suppose 2*u - f = u. Let h = -5 + u. What is the tens digit of h?
1
Let i be 124 + 0*(-3)/6. Suppose -5*l + 161 = -i. What is the tens digit of l?
5
Let m be (-2)/5 + 17/5. Let i = m + 23. Suppose -17 = -x + 2*k, 4*k + i = x - k. What is the units digit of x?
1
Let y(d) = -d**3 + d**2 + d. Let m be y(4). Let g = -17 - m. What is the units digit of g*4/36*3?
9
Let p = -168 - -561. Suppose -7*i + p - 85 = 0. What is the tens digit of i?
4
Let r = -2 - -13. Suppose -f = r - 45. What is the units digit of f?
4
Suppose 0 = -l + 2*d + 31, -3*l + 95 = 2*l + 2*d. Suppose 4 = 2*x - 2*r + 5*r, 5*x + 2*r - l = 0. Suppose x*u + 0*u = 230. What is the units digit of u?
6
Let u be 44/(-5) + (-1)/5. Let w(l) = -6*l - 16. Let d be w(-9). Let t = d + u. What is the units digit of t?
9
Let r(i) = i - 1. Let n be r(2). Let u = -56 - n. Let l = u - -87. What is the units digit of l?
0
Suppose 182 - 474 = -3*r + 5*k, -r = 4*k - 103. What is the units digit of r?
9
Suppose 3*j + 3*y + 1 = 2*j, 0 = 2*j - 2*y + 34. Let p = j - -17. Suppose 67 = 2*q - q - l, p*q = 5*l + 264. What is the tens digit of q?
7
Suppose -4*k - 128 = -16. Let b = k - -55. What is the tens digit of b?
2
Let y = 7210 - 3063. What is the hundreds digit of y?
1
Let c(m) be the second derivative of 5*m**4/12 - 6*m. Let b be c(1). Suppose 0 = b*r - 27 - 53. What is the units digit of r?
6
Suppose -4*k - y + 3 = 2*y, -3 = 5*k - 3*y. Suppose -135 = -k*c - 3*c. What is the tens digit of -2 + c + 4 + 0?
4
Let x be (18 - 16) + (-6)/(-2). Suppose -2*b - x = -17. What is the units digit of ((-660)/(-45))/(4/b)?
2
Let i(y) = y**3 + 7*y**2 + 4. Let u be i(-6). Suppose 4*f - 9*f = -u. Suppose 11*v - f*v = 12. What is the units digit of v?
4
Let l(v) = v**3 + 5*v**2 + 2*v - 3. Let j be (-120)/(-8) - (2 + 1). Suppose -4*u + u - j = 0. What is the units digit of l(u)?
5
Let t(x) = -x**3 - 15*x**2 + 34*x + 4. Let k be t(-17). Let u(v) = v**2 + 3*v - 3. Let p be u(-4). What is the units digit of p/(1/64*k)?
6
Let g(n) = n**2 + 3*n - 6. Let f be g(-5). Suppose -f*p + 26 = -2*l, -3*p - 2*p + 36 = -3*l. What is the units digit of ((-6)/l)/((-21)/(-98))?
4
Suppose 2*b - 985 = -3*x - 235, 5*x - 1225 = 5*b. Suppose t = 5*t - x. Let i = t + -3. What is the units digit of i?
9
Let n(u) = u**3 + u**2 + 6*u - 12. Let m be n(5). What is the tens digit of (14/(-6))/((-1183)/m + 7)?
5
Let n(i) = i**3 + 8*i**2 + 6*i - 3. Let j be n(-7). Suppose k - q + 635 = j*k, -4*q - 625 = -3*k. Suppose -76 = 5*x - k. What is the tens digit of x?
2
Let x be (-6)/(-21) + (733/7 - 3). Suppose p - 2*i - 40 - x = 0, i - 405 = -3*p. What is the units digit of p?
6
Let v(l) = -l**3 + 3*l**2 - l. Let r be v(2). Suppose 1 = -3*x + 13. Suppose 0*m + x*y = 3*m - 4, -r = -3*m + 5*y. What is the units digit of m?
4
Let z = 395 - -829. Suppose -z = -3*n - 3*n. What is the units digit of n?
4
Let w(s) = 4*s - 12. Let a be w(3). Suppose -4*j = 3*z - 360, -2*z + 443 = 5*j - a*z. What is the tens digit of j?
8
Let d(j) = 2*j**3 + 23*j**2 - 11*j + 14. Let q be d(-12). Let f(p) = 138*p - 5. What is the hundreds digit of f(q)?
2
What is the tens digit of 178/267*1350/4?
2
Let f(d) = -d**3 + 2*d - 1. Let b be f(1). Let r = -3 + 4. Suppose v - r - 13 = b. What is the units digit of v?
4
Let c(p) = 3*p**2 + 4*p - 14. Let q(r) = r**2 + r - 5. Let y(u) = -2*c(u) + 7*q(u). What is the tens digit of y(-7)?
4
Suppose -4*r - y - 4638 = 0, -2*r = 6*y - y + 2310. What is the hundreds digit of (2/(-4))/(1 - (-1165)/r)?
1
Suppose 72*z = 73*z - 567. What is the hundreds digit of z?
5
Let s = 448 + -334. What is the units digit of s?
4
Let c(g) = 7*g**3 - 3*g**2 - g + 15. What is the thousands digit of c(7)?
2
Let q = -564 + 1134. What is the tens digit of q?
7
Suppose -2*s - 8 = -2, 4*p - 14 = -2*s. Let k = 19 - p. What is the units digit of k?
4
Suppose 30 + 2 = 4*c. Suppose -c*p - p = -144. What is the tens digit of p?
1
Suppose -11690 = -7*m - 28*m. What is the tens digit of m?
3
What is the thousands digit of 2 + 1 - (0 + (-7971)/3)?
2
Let x be 1955/5 - (0 - 3). What is the units digit of (-20)/(-60) + x/6?
6
Let k = 2050 - 1062. What is the units digit of k?
8
Let a(u) = -116*u + 62. What is the units digit of a(-4)?
6
Let a(p) = 3*p + 25. Let c be a(-8). Let v = -189 + 119. What is the units digit of c/3 - v/6?
2
Suppose -3*l = -2*l - 290. Suppose 0 = -n - 4*n - 4*m + l, -n + 39 = -3*m. What is the tens digit of n?
5
Suppose -4*g = -10 - 6. Suppose -402 = -5*h - 2*q + g*q, -2*h - 5*q + 155 = 0. What is the units digit of h?
0
Let j(g) = g + 36*g**2 + 1 - 32*g**2 - 14*g - 6. What is the hundreds digit of j(8)?
1
Suppose 19*h = 21*h + 5*w - 150, w - 72 = -h. What is the units digit of h?
0
Suppose 4*k + 4*d = -8, -3*k - 5*d = 1 + 9. Suppose k = 3*v - o + 3*o - 91, 0 = v + 2*o - 25. What is the tens digit of v?
3
Suppose -h + 0*h = n - 112, 4*n = -2*h + 446. Suppose -j + m - 329 = -4*j, m = -j + n. What is the hundreds digit of j?
1
Suppose -303*z + 307*z - 2688 = 0. What is the 